(2). Suppose k = -0*i + 4*i - 444. Is i prime?
False
Let s = -19486 + 27303. Is s composite?
False
Let s = -39265 - -57722. Is s prime?
True
Suppose -4*s + j + 47728 = 0, 19114 = -5*s - 5*j + 78749. Let g = -57 + 102. Is 6/(-45) + s/g a composite number?
True
Suppose 3*h + 5 = -1. Let n be (-7 + 11)*h/(-4). Suppose 5*i + n*x = 1967, 0 = 2*x + 3*x + 20. Is i prime?
False
Let x(t) = 155*t**2 + 23*t + 115. Is x(-4) a prime number?
True
Suppose 2*y - 13 = -11. Let m = 4 - y. Is 693/27*m/1 a composite number?
True
Let k(t) = 17*t**3 - 14*t**2 + 11*t + 11. Is k(9) prime?
True
Suppose 2*q - q = 2. Let i = -14 - -16. Suppose -k + 3 + 7 = -q*f, -f = i*k. Is k composite?
False
Suppose 0 = -5*l - 10, 2*a + 8868 = 5*a - 3*l. Let t = -1791 + a. Is t a composite number?
False
Let b(t) be the second derivative of 41*t**6/360 - t**5/24 + 5*t**4/24 - t**3/3 - t. Let u(z) be the second derivative of b(z). Is u(2) composite?
True
Let t = -364 - -522. Let i = t - -173. Is i composite?
False
Let z(g) = 854*g - 9. Let w be z(3). Suppose -4*l + w = -l. Is l prime?
False
Let l = 34331 - 19982. Is l a prime number?
False
Suppose 5*d + 12 = 3*x, 5*d + 3*x - 17 = -5. Suppose d = i - 372 - 75. Is i prime?
False
Let q(t) = t**3 - 18*t**2 + 2. Let p be q(18). Suppose 4*r - 2 = p, 5*r + 139 = a. Suppose -2*f + 470 = -a. Is f composite?
False
Let k(m) = m**2 - 6*m - 9. Let z be k(7). Let l be -2 + z/2 - -7. Suppose -2*d - 29 = b - l*b, -3*b - 3*d + 24 = 0. Is b composite?
True
Let c(p) = -p**2 - p + 2. Let m be c(-2). Suppose -2*o + 2475 + 3031 = m. Suppose -3*u + 5*q = 2*q - 2751, -3*u + 2*q = -o. Is u a composite number?
False
Let u(q) = q**3 - 6*q**2 - 27*q + 1. Is u(14) composite?
True
Is -1 + 0 + 2 + 98226/17 a composite number?
False
Let j be (-6)/(-4)*(-50)/(-15). Let f be 4/(-14) - 222/(-42). Suppose 107 = r + 2*u, -j*r + f*u + 697 = 117. Is r a prime number?
True
Suppose -t + 4*t + 9 = 0, 0 = 3*x + 2*t - 9. Suppose 0 = 5*k + q - x*q - 9837, 5*q = 4*k - 7866. Is k a prime number?
False
Let p(k) = 2*k**2 + 21*k - 19. Is p(15) a prime number?
False
Let x(w) = 3*w**3 + 6*w**2 + 3*w - 11. Is x(6) prime?
False
Suppose -49*m + 24472 = -125517. Is m a prime number?
True
Let f(a) = 99*a**2 + a - 1. Let c = 16 + -17. Is f(c) composite?
False
Let w(d) = -5*d - 30. Let t be w(-6). Suppose t = -66*m + 69*m - 33. Is m prime?
True
Let o = -6504 - -18466. Is o a composite number?
True
Let k be 16/(-24) - 13/3. Let l(c) = c**2 - c + 5. Let i be l(k). Suppose i - 704 = -3*j. Is j a prime number?
True
Let f = 90 + -60. Let i = 32 - f. Suppose -2*k = i*k - 1192. Is k composite?
True
Let g(t) = t + 8. Let r be g(-12). Is (-9918)/(-2) - (-2 + r + 8) a prime number?
True
Suppose -5*g + 5 = -4*g. Suppose -10 = -g*f + 10. Suppose f*r = 3*h - 41, -h + 18 = 3*r - 0. Is h a prime number?
False
Suppose -3*a + 0*k = -k - 66, 2*a - 37 = 3*k. Suppose s = 326 - a. Is s a composite number?
True
Let f be (4 - 10) + 2 + -1. Let s(z) = z**2 + 6*z + 4. Let v be s(f). Is (-100)/v - (6 + -3) composite?
False
Let v(z) = z**2 - 4*z - 1. Let d be v(4). Let g(a) = -380*a**2 - 2*a - 1. Let k(c) = -380*c**2 - 2*c - 1. Let o(i) = 5*g(i) - 6*k(i). Is o(d) a prime number?
True
Let y = -15 + 17. Let i be y/1*-6 + 2. Is i/3*(-1110)/20 composite?
True
Let m = 30927 - 18136. Is m composite?
False
Let t = -7747 + 33480. Is t composite?
False
Suppose 3*u - 4 = 2*s, 16 = 5*s - u - 0*u. Suppose 2992 = s*q + 828. Is q prime?
True
Let o be (-1326)/85 - 6/(-10). Is (-882)/o + (-33)/(-15) + -2 composite?
False
Suppose -2*m + 100 = z + 403, -2*m - 1200 = 4*z. Let h = -102 - z. Let w = 460 - h. Is w a composite number?
False
Let h(p) = -246*p**3 - 4*p - 7. Is h(-2) prime?
False
Let x = 23 + -21. Suppose -z + 3*p = -428, 0 = -z + x*p - 0*p + 426. Is z composite?
True
Suppose 38357 = 4*n + 4*x - 939, -5*n = 3*x - 49130. Is n a composite number?
False
Let c(b) = 4480*b - 33. Is c(2) a composite number?
True
Suppose -5*i = -524 - 581. Suppose -2*u + u + i = 3*t, -3*u + 663 = 5*t. Is u prime?
False
Let d = 9 - 2. Suppose d*f = 4*f - w + 751, 0 = f + 4*w - 243. Is f a composite number?
False
Let z = 88698 + -45983. Is z composite?
True
Let x(z) = -z**3 - 8*z**2 + 9*z + 3. Let m be x(-7). Let j = 120 + m. Is j prime?
True
Is 2 + (1944 + 0 - (-3)/(-3)) a prime number?
False
Suppose 4*d - 18 = -w, -d + 3*w + 1 = 3. Let u be 0/(6 - (7 - 6)). Suppose -2*i - 4*g = -3*i + 35, u = -d*i + 5*g + 184. Is i composite?
True
Let k be 10 + -12 + 1 + 27. Suppose 0 = -4*l - 10 + k. Suppose 0*j - j = -4*s - 66, 5*j + l*s - 306 = 0. Is j a composite number?
True
Suppose 0 = 36*l + 91927 - 366715. Is l prime?
False
Let x(y) = -273*y + 4. Let v be x(-2). Suppose v + 1722 = 2*g - 3*h, -5*g - h + 5697 = 0. Is g a composite number?
True
Is (30650/30)/(5/15) composite?
True
Suppose -3*w + 69 - 24 = 0. Suppose -3*c - 4*l - w = -275, 0 = c + 3*l - 80. Let i = -46 + c. Is i composite?
True
Let n = -12 + 29. Let q = -14 + n. Suppose 0*d + 117 = q*d. Is d composite?
True
Let b(y) = -2*y**2 - 2*y + 2. Let c be b(1). Let m be 2*c/4*1. Let f(z) = -3*z + 4. Is f(m) a prime number?
True
Let y(z) = 10347*z**2 - 53*z - 53. Is y(-1) a composite number?
True
Let w(c) = 3763*c - 212. Let t(f) = -53*f + 3. Let y(r) = 212*t(r) + 3*w(r). Suppose -7*x + 5 = -2*x. Is y(x) composite?
False
Let j = -4253 - -6774. Is j prime?
True
Let t(q) = q**2 - 17*q - 35. Let p be t(-18). Suppose s + p = 3008. Is s a prime number?
False
Let y = 3689 + -6640. Let k = -2098 - y. Is k a composite number?
False
Let q be (-1 + 1)/(-6 - -5). Suppose q*j + 5*j = -10. Is j/(-3) - (-867)/9 composite?
False
Let g = -8 + -9. Let t = g - -22. Suppose 0*p - 190 = -t*p. Is p composite?
True
Let a(y) = 3 + 4 + 47*y + 4 - 64*y. Let g(d) = d - 1. Let p be g(-5). Is a(p) a prime number?
True
Suppose 23 = 3*c + 11. Let q be (-1)/3 - (-7576)/12. Suppose 3*p + q = c*p. Is p composite?
False
Let w = -14 - -19. Suppose 156 = -k + w*k. Is k prime?
False
Is 4 + 196185/22 + (-3)/(-2) a prime number?
True
Suppose -3*a - 2*a = 65. Let y(s) = s**3 + 14*s**2 + 12*s - 17. Let z be y(a). Is ((-1)/(-1))/(z/(-1660)) prime?
False
Let p be (3/(-9))/((-2)/(-6)). Let j be (p/2)/(8/80). Let k(u) = -38*u - 9. Is k(j) prime?
True
Suppose 5*r = -4*g + 16343, 5*r - 16367 = 41*g - 37*g. Is r a prime number?
True
Let f be 3 - (-1)/((-3)/(-195)). Suppose -25 - f = -r. Is r prime?
False
Let d(y) = 29*y**2 - 147*y - 11. Is d(24) composite?
True
Let p(l) be the first derivative of -30*l**2 + 1 - 17*l + 12*l - 20*l. Is p(-14) a prime number?
False
Let r(m) = -77*m + 8. Let j be r(19). Is 2*j/(-12)*4/10 a prime number?
True
Is 4491 + (10 - -5 - 5) composite?
True
Let q(t) = -4*t**3 + 2*t**2 - 5*t + 10. Let r be q(-7). Let g = r + -1030. Suppose -4*x = x - g. Is x prime?
True
Let j be (-138)/10 + (-3)/15. Let p = 12 + j. Is p*11*2/(-4) a composite number?
False
Is ((1*-2)/2)/((-5)/14315) a composite number?
True
Let u(w) = 4*w**2 + 90*w + 25. Is u(-26) a prime number?
True
Let c(p) = 116*p**2 + 4*p - 9. Let j be c(-4). Suppose 2*n - j = 3075. Is n a prime number?
False
Suppose 2*s + h = -0*s - 2169, -4*s = h + 4337. Let y = -603 - s. Is y a composite number?
True
Let p(x) = -4*x + 0*x + 4 + 4*x**2 - 4 + 2. Let s be p(2). Is (-2)/s - (-392)/10 a prime number?
False
Is ((-27)/(-18))/(18/161988) prime?
True
Let j(r) = 1816*r**2 - r. Let s be j(-1). Suppose -3*f + 200 - s = 0. Let v = 756 + f. Is v a prime number?
False
Suppose -4*b = -3*z + 6*z - 4, 3*b + 2*z - 2 = 0. Let t be b + 7 - (-1 + 0). Suppose 121 = y - t. Is y prime?
True
Suppose -4 = 8*j - 4*j - 3*n, -j + n = 0. Let o(s) = s**2 - 2*s - 13. Is o(j) a prime number?
True
Suppose 3*w + 1 = 4*r, w = -3*r + 6 + 11. Suppose -12*k = -r*k - 10696. Is k a prime number?
False
Let n(z) = 10*z + 1. Let a be n(-1). Let g = a + 12. Suppose 6*f - g*f = 318. Is f a prime number?
False
Suppose 3*d - 2*o - 15 = -0*d, 0 = 2*d + 3*o - 10. Suppose d*y - 4430 = -m, -4*y = -5*m - 4201 + 628. Is y composite?
False
Let n be -7*(1 - (-2)/(-1)). Let m(c) = 41*c**2 - 8*c - 4. Is m(n) a prime number?
True
Suppose 1028 = 5*h - s, -5*s = -0*s + 15. Suppose -11*y - h = -2614. Is y a prime number?
False
Is (-2 - (-26)/12) + (-19570)/(-12) a composite number?
True
Let b(k) = k**3 + 15*k**2 - 56*k - 227. Is b(30) com